1 and 365.
73
Calculate the highest common factor of 44 and 428.
4
Calculate the greatest common factor of 422 and 2.
2
What is the highest common factor of 712 and 8?
8
What is the greatest common divisor of 24330 and 30?
30
What is the highest common divisor of 86 and 16426?
86
Calculate the greatest common factor of 16 and 12.
4
Calculate the highest common factor of 728 and 7189.
91
Calculate the greatest common divisor of 2378 and 58.
58
What is the highest common divisor of 27192 and 396?
132
Calculate the highest common divisor of 6004 and 304.
76
Calculate the greatest common factor of 496 and 434.
62
Calculate the greatest common factor of 560 and 12.
4
Calculate the greatest common factor of 20 and 180.
20
Calculate the greatest common divisor of 36 and 1710.
18
Calculate the highest common factor of 18161 and 572.
143
What is the highest common divisor of 4 and 332?
4
What is the greatest common divisor of 26 and 26?
26
What is the greatest common divisor of 95 and 95?
95
Calculate the highest common divisor of 282 and 8883.
141
Calculate the highest common divisor of 65 and 2665.
65
What is the highest common divisor of 153 and 17?
17
What is the greatest common divisor of 76 and 8113?
19
Calculate the highest common divisor of 20 and 2884.
4
What is the greatest common factor of 1743 and 249?
249
What is the greatest common factor of 880 and 520?
40
What is the greatest common factor of 8131 and 173?
173
Calculate the greatest common factor of 44 and 12364.
44
What is the greatest common factor of 154 and 66?
22
What is the greatest common factor of 187 and 297?
11
What is the highest common divisor of 5848 and 272?
136
Calculate the highest common divisor of 3 and 7.
1
Calculate the highest common factor of 992 and 310.
62
Calculate the highest common divisor of 375 and 300.
75
What is the highest common factor of 44 and 2475?
11
What is the greatest common factor of 390 and 221?
13
What is the greatest common factor of 3575 and 55?
55
Calculate the greatest common divisor of 5250 and 15.
15
What is the greatest common factor of 4 and 7988?
4
What is the highest common divisor of 46 and 23?
23
Calculate the highest common factor of 2324 and 112.
28
What is the greatest common factor of 38 and 1292?
38
What is the highest common divisor of 45 and 9639?
9
What is the greatest common divisor of 5 and 155?
5
Calculate the greatest common factor of 1922 and 62.
62
What is the highest common factor of 4 and 272?
4
Calculate the greatest common factor of 1216 and 800.
32
Calculate the highest common factor of 4 and 78.
2
Calculate the greatest common factor of 77 and 4.
1
What is the greatest common factor of 280 and 42?
14
Calculate the greatest common factor of 90 and 570.
30
What is the greatest common factor of 559 and 949?
13
What is the greatest common factor of 80 and 40?
40
What is the highest common factor of 102 and 918?
102
Calculate the greatest common factor of 130 and 10.
10
What is the highest common divisor of 171 and 114?
57
What is the highest common divisor of 68 and 51?
17
What is the greatest common factor of 195 and 650?
65
What is the highest common divisor of 750 and 390?
30
Calculate the greatest common factor of 352 and 192.
32
Calculate the greatest common factor of 174 and 6.
6
What is the greatest common divisor of 50 and 1600?
50
What is the highest common factor of 3655 and 85?
85
What is the greatest common divisor of 60 and 96?
12
What is the greatest common factor of 123 and 14883?
123
Calculate the greatest common divisor of 15010 and 25.
5
What is the greatest common divisor of 5500 and 396?
44
What is the highest common divisor of 1711 and 58?
29
Calculate the greatest common factor of 5543 and 23.
23
What is the highest common divisor of 3233 and 122?
61
Calculate the greatest common factor of 76 and 19.
19
What is the greatest common divisor of 1209 and 78?
39
Calculate the greatest common factor of 970 and 320.
10
What is the greatest common factor of 576 and 18?
18
Calculate the highest common factor of 9 and 3897.
9
What is the greatest common divisor of 45 and 3735?
45
Calculate the greatest common divisor of 70 and 50.
10
What is the greatest common divisor of 50285 and 113?
113
What is the highest common divisor of 26 and 130?
26
What is the highest common factor of 36 and 132?
12
What is the highest common divisor of 7635 and 30?
15
Calculate the highest common factor of 22 and 506.
22
Calculate the greatest common divisor of 40 and 190.
10
What is the greatest common factor of 2325 and 2945?
155
Calculate the greatest common factor of 56 and 42.
14
Calculate the highest common factor of 219 and 19491.
219
Calculate the greatest common divisor of 37216 and 128.
32
What is the highest common divisor of 616 and 56?
56
What is the greatest common divisor of 217 and 403?
31
Calculate the greatest common factor of 8 and 124.
4
What is the highest common divisor of 625 and 15?
5
What is the greatest common factor of 12 and 15?
3
What is the highest common divisor of 79 and 5135?
79
What is the highest common factor of 333 and 777?
111
Calculate the highest common factor of 115 and 5.
5
What is the highest common divisor of 53183 and 13?
13
What is the greatest common factor of 95 and 41895?
95
Calculate the highest common factor of 899 and 31.
31
Calculate the greatest common factor of 34 and 102.
34
What is the highest common divisor of 71932 and 196?
196
What is the highest common divisor of 60 and 324?
12
Calculate the greatest common divisor of 3580 and 40.
20
What is the highest common divisor of 41 and 5?
1
Calculate the highest common factor of 1296 and 32.
16
Calculate the greatest common divisor of 11 and 869.
11
Calculate the greatest common factor of 752 and 47.
47
What is the highest common divisor of 20 and 1940?
20
Calculate the greatest common factor of 54 and 16.
2
What is the greatest common factor of 552 and 3243?
69
Calculate the highest common factor of 1650 and 528.
66
Calculate the greatest common divisor of 289 and 17.
17
What is the highest common divisor of 164 and 15662?
82
What is the greatest common divisor of 156 and 247?
13
Calculate the greatest common factor of 3618 and 162.
54
Calculate the highest common divisor of 50 and 22.
2
What is the highest common factor of 1717 and 51?
17
Calculate the greatest common divisor of 45 and 171.
9
Calculate the highest common divisor of 408 and 153.
51
Calculate the greatest common divisor of 319 and 58.
29
What is the greatest common divisor of 512 and 32?
32
Calculate the highest common divisor of 21 and 329.
7
Calculate the greatest common factor of 19560 and 120.
120
What is the greatest common divisor of 5 and 22585?
5
Calculate the greatest common divisor of 100 and 100.
100
What is the highest common factor of 114 and 7866?
114
What is the greatest common divisor of 119 and 85?
17
What is the highest common factor of 2329 and 119?
17
What is the highest common factor of 1501 and 209?
19
Calculate the highest common factor of 24 and 582.
6
Calculate the greatest common divisor of 27 and 1980.
9
What is the highest common factor of 860 and 40?
20
Calculate the highest common divisor of 8 and 28.
4
What is the greatest common factor of 213 and 1420?
71
What is the greatest common divisor of 224 and 21?
7
Calculate the highest common factor of 518 and 4.
2
What is the highest common divisor of 3 and 431?
1
What is the highest common factor of 308 and 140?
28
Calculate the highest common divisor of 1568 and 8288.
224
What is the highest common factor of 4 and 243?
1
Calculate the highest common divisor of 2525 and 550.
25
What is the greatest common divisor of 329 and 235?
47
Calculate the greatest common divisor of 125 and 49.
1
Calculate the greatest common divisor of 448 and 7.
7
What is the highest common factor of 7 and 1169?
7
What is the highest common divisor of 170 and 204?
34
Calculate the highest common factor of 286 and 234.
26
Calculate the highest common divisor of 28 and 1988.
28
What is the highest common divisor of 39 and 273?
39
Calculate the highest common divisor of 1726 and 2.
2
Calculate the highest common divisor of 6566 and 98.
98
Calculate the highest common divisor of 10476 and 5044.
388
What is